e 3 - (-3)/(-6)*6. Let b = t - -1. Let i(v) = 15*v**2 - 5*v + 1. Let f(m) = 16*m**2 - 6*m + 1. Let g(l) = -5*f(l) + 6*i(l). What is g(b)?
11
Let r(k) = -2 - k**2 + 6 - 10*k + 2*k + 3*k + 3*k. Calculate r(-5).
-11
Let z(u) = 17*u**3 + 19*u**3 - u - 35*u**3 + 1 + u**2 + 17*u**3. What is z(1)?
19
Let g = -48 - -45. Let t(s) be the first derivative of -s**3/3 - 3*s**2/2 + 2*s - 2. Give t(g).
2
Let l(a) = -4*a - 1. Suppose 22 = -8*j + 14. Let z(i) = 7*i + 8. Let s be z(j). Calculate l(s).
-5
Let r(f) = 3*f + 9*f**2 - 6 - 6*f**3 + 2*f**2 - 3*f**2 - 2*f**2. Let c(x) = 2*x**3 - 2*x**2 - x + 2. Let z(t) = -7*c(t) - 2*r(t). Determine z(2).
-8
Let d(n) = -n**2 - 6*n - 5. Let y be (-2 - (1 + -1))*(-9)/6. Suppose 2*t - y*c + 4 = 0, 5*c - 1 = -11. Determine d(t).
0
Let s be (1 + -3)*((-20)/16 + 1). Let y(c) be the second derivative of 0 + s*c**2 + 1/3*c**3 - 9*c. Give y(-3).
-5
Let y(g) = -g**2 + 9*g - 16. Let p = -460 - -465. Give y(p).
4
Let v(t) = 3*t**3 - 34*t**2 - 8*t + 12. Let s(d) = -d**3 + 12*d**2 + 2*d - 4. Let p(c) = -8*s(c) - 3*v(c). Give p(7).
3
Let p(m) = -2*m**3 + m**2 - 4*m + 2. Suppose -6*g + 11 = -7. What is p(g)?
-55
Let j(r) be the third derivative of -r**6/120 + r**5/20 + r**4/4 + 5*r**3/6 + 5*r**2 - 42*r - 2. Let d = 8 + -3. Determine j(d).
-15
Let h(m) = m**2 - 10*m + 25. Let v be h(7). Let n(l) = -4*l + 3. Let o(r) = 3*r - 3. Suppose -4 + 2 = -w. Let g(i) = w*n(i) + 3*o(i). What is g(v)?
1
Suppose -27 + 2 = -4*n + 3*d, 0 = 3*d - 3. Let q(z) = -z**3 + 7*z**2 - 3*z + 10. What is q(n)?
-11
Let b(v) be the second derivative of v**5/20 + v**4/12 + v**3/3 - v. Suppose -9*p - 148 = -130. Calculate b(p).
-8
Let w = 7 + -4. Let d = 19 - 16. Let b(i) = 14*i**3 - 5*i**w - 3*i**2 - 3 - 10*i**d + 3*i. Determine b(-3).
-12
Let l(h) = 8*h**3 + 1 - h**3 + h**3. Suppose -4*t = t + 30. Let n be t/18 - (4/6)/1. What is l(n)?
-7
Let l(q) = -2*q - 9. Let f be (1105/30)/17*6. Determine l(f).
-35
Suppose b + 2 = 3*s - 1, -b - 2*s = -12. Suppose a = b*a - 30. Let t(o) = -o**3 + 6*o**2 - 3*o + 6. Determine t(a).
-12
Let f(k) = 306*k**3 + 2 + 3 - 9*k - 5*k**2 - 281*k**3. Let d(q) = 6*q**3 - q**2 - 2*q + 1. Let u(w) = -9*d(w) + 2*f(w). What is u(-1)?
4
Let s(v) be the second derivative of 2/3*v**3 + 11*v + 1/6*v**4 + 0*v**2 + 0. What is s(-4)?
16
Let s(c) = -8*c**2 + 183*c - c**3 - 190*c + 6 - 1. Determine s(-6).
-25
Let z(q) = -12*q + 411. Let k be z(35). Let d(p) = p**2 + 12*p + 10. Determine d(k).
-17
Let h be (-168)/(-8) - (1 + -2). Let p(b) = 24*b - h*b - 2*b**2 + 7*b**2 - b**3 + 0*b**3. Give p(5).
10
Suppose -38 - 2 = -10*s. Let b(o) = -o + 1 + 0 - s - 5*o. What is b(-2)?
9
Let a(r) = -r**3 - 8*r**2 - 3. Suppose -2*c + 28 = -b - 3*b, -c = b + 10. Give a(b).
-3
Let o(d) = d - 1. Let b = 217 - 216. Calculate o(b).
0
Let x(l) = -l - 9. Let q(m) = 11*m - 25*m + 7*m + 10*m - 30. Let p be q(10). What is x(p)?
-9
Suppose 0 = -3*a - 3*r, -6*r + 8 = 2*a - 2*r. Let v(z) = 2*z - 9*z + 9*z - z + 2 + 2. Calculate v(a).
0
Let c(v) = -2*v - 2. Let t be c(-2). Let s be 3/t*(-4 - -2). Let n(o) be the second derivative of o**3/2 + 2*o**2 + 65*o. Give n(s).
-5
Let o(l) = -20*l**2 - 2*l - 2. Let w = -2411 + 2409. Give o(w).
-78
Let y(p) = p - 9. Suppose 2*l + 1 = -2*g + 9, l + 4*g = -5. Give y(l).
-2
Let y(m) = -188 + 6*m + 3*m + 92 + 98. What is y(1)?
11
Let n(g) = 13*g**3 + 1. Let z = 57 + -56. Determine n(z).
14
Let h = -6 - -20. Suppose -5*z + 6 = -h. Suppose -z*g - 3*o = -0*g + 4, 4*g - 12 = o. Let m(j) = j**2 + 3*j - 1. Determine m(g).
9
Suppose 0 = -5*l + l - 4*u + 24, 4*l - 56 = 4*u. Let g(b) = -b**2 + 9*b. Determine g(l).
-10
Let d(o) = -4*o + 35. Let b be d(0). Let c = -37 + b. Let i(z) = 2*z**3 + 0*z**3 - 2*z + 2*z**2 + 0*z - 1. Determine i(c).
-5
Let b(d) = d**2 - 2*d + 2. Let h be b(2). Let t(z) be the first derivative of -z**h + 2*z - z - 2 - 2 + z. Calculate t(5).
-8
Let w(f) = 3*f - 12. Let l be w(4). Suppose l = 8*p - 5*p + 9. Let h(n) = -7*n - 2. Determine h(p).
19
Suppose -4 = t, 0 = 4*j + t + 3*t. Suppose 2*i + 28 = -2*i - 3*w, 4*i + j*w + 28 = 0. Let f(n) = -n**3 - 6*n**2 + 8*n + 8. Give f(i).
1
Let z(q) be the third derivative of q**5/60 + q**4/2 - q**3/3 + 352*q**2. What is z(-12)?
-2
Let r(w) be the third derivative of w**4/12 - 7*w**3/3 + w**2 - 34. Determine r(14).
14
Let k(d) = -8*d**3 + d**2 - d. Suppose -38 - 64 = -2*m. Let l = m - 50. What is k(l)?
-8
Let o(g) = 1 - 2 + 3*g + 4. Let u(l) = l - 17. Let h be u(6). Let j = h + 8. What is o(j)?
-6
Let g(d) = 5 - 4 + 0 + 2 - 5*d + d**2. Determine g(5).
3
Let i(y) = 3*y**3 - 2*y**3 + 8 - 2*y - 236439*y**2 + 236451*y**2. Determine i(-12).
32
Suppose -3*v = 5*w + 22, -5*w = 160*v - 162*v + 27. Let l(x) be the third derivative of 7*x**5/30 + x**4/24 - x**3/6 + x**2. Determine l(v).
14
Let s(n) be the second derivative of n**4/12 + 4*n**3/3 - 7*n**2 + 392*n + 2. What is s(-9)?
-5
Suppose 7*g + 2 = -12. Let l(r) = -r**3 - 2*r**2 + 2*r + 3. Determine l(g).
-1
Let q(l) be the third derivative of l**4/24 + 5*l**3/6 - 9*l**2. Calculate q(0).
5
Let g(j) = j**2 - 4*j - 7. Let h = -71 + 75. Calculate g(h).
-7
Let b(n) be the first derivative of -2*n**2 + n + 13. Let d(x) = -8*x + 2. Let q(i) = 5*b(i) - 3*d(i). Give q(5).
19
Let h = -875 - -874. Let r(j) = -9*j**2 + 0*j**2 + 0 - 1. What is r(h)?
-10
Let g(s) = -s + 0*s - 719*s**2 - 14 + 718*s**2. Let v = -25 - -25. Give g(v).
-14
Suppose -m + 5 = 0, g + 4 = -4*m + 37. Suppose g = j + 7. Let q(c) = -c**2 + 6*c - 2. Determine q(j).
-2
Let i(u) = -u**2 + 4*u + 1. Suppose 3*j - 18 - 6 = -3*w, 0 = 2*w + 5*j - 28. Suppose -z + 20 = 3*z - 4*v, -3*v = -w*z + 20. What is i(z)?
-4
Let v(y) = -2*y + 2. Let h(k) = k + 30. Let b be h(-14). Suppose b = 8*t - 4*t. What is v(t)?
-6
Let x(g) be the second derivative of g**5/20 + 7*g**4/12 + 7*g**3/6 + 5*g**2/2 + g. Let l be (-240)/(-36)*(-6)/(-4). Suppose l*k + 60 = -0*k. Calculate x(k).
-1
Let k be -6*(-2 - (-9)/6). Suppose -4*g + 2*j + 154 = 0, 4*j - 5 = k*j. Let f(s) = -9*s**2 + g*s + 0*s**2 - 42*s. Calculate f(1).
-10
Suppose 0*g + 3*k - 35 = -4*g, g - 4*k - 4 = 0. Let r be ((-2)/g)/((-9)/36). Let d(f) = 3*f + 2*f + 3*f. Calculate d(r).
8
Let f(y) = 11*y**2 + 12*y + 11. Let m be f(-1). Let p(o) be the first derivative of -o**4/4 + 3*o**3 + 9*o**2/2 + 7*o - 5. Give p(m).
-3
Let s(d) = -2*d + 6. Let x = 365 + -361. Determine s(x).
-2
Suppose 0 = 15*l - 12*l. Suppose -12*s + 11*s = -2. Let q(z) = 4*z**s + 6*z**2 - 1 - 9*z**2 - z. Calculate q(l).
-1
Let g(q) = 4*q**2 + 23. Let s(b) = 3*b**2 + 18. Let r(h) = -4*g(h) + 5*s(h). Suppose -o - 30 = -6*o. Let k = -8 + o. Give r(k).
-6
Let s(d) = 1 + d**3 - d**2 - 2 + d - 2 + 2. Let x(w) = 5*w**3 + 3*w**2 + 9*w - 10. Let c(o) = -4*s(o) + x(o). Determine c(-6).
0
Suppose -8*z - 1026 - 206 = 0. Let d be (44/z)/((-4)/14). Let o(f) = -f**3 + 3*f - 2. Give o(d).
0
Let d(n) = n - 631 + 1256 - 633. What is d(6)?
-2
Let x(p) be the second derivative of p**5/20 - 5*p**4/12 + 2*p**3/3 + 5*p. Suppose -6*n + 17 = 3*y - 7*n, 5*y - 40 = 4*n. What is x(y)?
0
Let y(g) = -2*g + 60. Let t(b) = -2*b + 43. Let w(k) = -4*t(k) + 3*y(k). Let o = 15 + -22. Calculate w(o).
-6
Suppose 51 = 4*m - 3*x, 50 = 3*m + m - 2*x. Let n = m + -12. Let p = n - 0. Let q(r) = -r + 6. What is q(p)?
6
Let p(k) be the third derivative of 3*k**4/8 + k**3 - 3*k**2 + 55. Give p(-3).
-21
Let x(i) be the second derivative of 2*i**4 + i**3/3 - i**2/2 + 113*i. Determine x(1).
25
Let r(f) = -f**2 + 6*f - 7. Let b(u) = -u**3 + 3*u**2 + 3*u + 4. Let t be b(5). Let l = -26 - t. Determine r(l).
-2
Let b(l) = -l + 6. Let y(d) = -d**2 - 11*d - 20. Let n be y(-8). Let g be b(n). Let t(r) = -2*r + 1 + 5*r**2 - 3*r**2 - r**3 + 0 + 0*r. Determine t(g).
-3
Let g(m) be the third derivative of m**7/840 - m**6/120 - m**5/30 + m**4/24 - 4*m**3 - 2*m**2. Let z(j) be the first derivative of g(j). Determine z(3).
-11
Let u(i) = -i**2 + 2*i - 2. Let q be -3 + 1 - 9*18/81. Calculate u(q).
-26
Let j = 282 - 286. Let w(p) = p**2 - p - 4. Calculate w(j).
16
Let y(f) = -f**3 + 7*f**2 - 5*f**2 - 2*f - 7*f**2 - 2. Let z be y(-4). Let u be (20/8 + -3)*z. Let v(m) = m**2 - 4*m. Give v(u).
5
Let t(g) = g**2 + 5*g - 4. Let z = -9 + -3. Let m = 26 + z. Let j = -20 + m. Determine t(j).
2
Let l(h) = 9*h + 10*h + 3*h + 13 + 4*h. Let r(x) = 9*x + 4. Let a(p) = 2*l(p) 